{"id":15,"date":"2026-05-05T12:12:32","date_gmt":"2026-05-05T10:12:32","guid":{"rendered":"http:\/\/checkout.bliskoscbezleku.pl\/?post_type=product&#038;p=15"},"modified":"2026-05-07T13:41:18","modified_gmt":"2026-05-07T11:41:18","slug":"wejdz-glebiej-z-glosem-i-doswiadczeniem","status":"publish","type":"product","link":"https:\/\/checkout.bliskoscbezleku.pl\/?product=wejdz-glebiej-z-glosem-i-doswiadczeniem","title":{"rendered":"Nowa obsada + Mapa + Audio"},"content":{"rendered":"<p>Dla moment\u00f3w, kiedy wracasz do tego nie tylko w my\u015blach \u2014 ale te\u017c w ciele.<\/p>\n<p>\u2014 wszystko z poprzedniej wersji<br \/>\n\u2014 7-dniowa Mapa Wzorca<br \/>\n\u2014 wersja audio do przechodzenia procesu<br \/>\n\u2014 mo\u017cesz wraca\u0107 do tego w trudnych momentach<br \/>\n\u2014 \u0142\u0105czysz rozumienie z do\u015bwiadczeniem<\/p>\n","protected":false},"excerpt":{"rendered":"<p>Dla moment\u00f3w, kiedy wracasz do tego nie tylko w my\u015blach \u2014 ale te\u017c w ciele. \u2014 wszystko z poprzedniej wersji \u2014 7-dniowa Mapa Wzorca \u2014 wersja audio do przechodzenia procesu \u2014 mo\u017cesz wraca\u0107 do tego w trudnych momentach \u2014 \u0142\u0105czysz rozumienie z do\u015bwiadczeniem<\/p>\n","protected":false},"featured_media":0,"comment_status":"open","ping_status":"closed","template":"","meta":[],"product_brand":[],"product_cat":[15],"product_tag":[],"class_list":{"0":"post-15","1":"product","2":"type-product","3":"status-publish","5":"product_cat-uncategorized","7":"first","8":"instock","9":"downloadable","10":"virtual","11":"purchasable","12":"product-type-simple"},"_links":{"self":[{"href":"https:\/\/checkout.bliskoscbezleku.pl\/index.php?rest_route=\/wp\/v2\/product\/15","targetHints":{"allow":["GET"]}}],"collection":[{"href":"https:\/\/checkout.bliskoscbezleku.pl\/index.php?rest_route=\/wp\/v2\/product"}],"about":[{"href":"https:\/\/checkout.bliskoscbezleku.pl\/index.php?rest_route=\/wp\/v2\/types\/product"}],"replies":[{"embeddable":true,"href":"https:\/\/checkout.bliskoscbezleku.pl\/index.php?rest_route=%2Fwp%2Fv2%2Fcomments&post=15"}],"wp:attachment":[{"href":"https:\/\/checkout.bliskoscbezleku.pl\/index.php?rest_route=%2Fwp%2Fv2%2Fmedia&parent=15"}],"wp:term":[{"taxonomy":"product_brand","embeddable":true,"href":"https:\/\/checkout.bliskoscbezleku.pl\/index.php?rest_route=%2Fwp%2Fv2%2Fproduct_brand&post=15"},{"taxonomy":"product_cat","embeddable":true,"href":"https:\/\/checkout.bliskoscbezleku.pl\/index.php?rest_route=%2Fwp%2Fv2%2Fproduct_cat&post=15"},{"taxonomy":"product_tag","embeddable":true,"href":"https:\/\/checkout.bliskoscbezleku.pl\/index.php?rest_route=%2Fwp%2Fv2%2Fproduct_tag&post=15"}],"curies":[{"name":"wp","href":"https:\/\/api.w.org\/{rel}","templated":true}]}}